{"id":1659,"date":"2016-02-10T07:20:45","date_gmt":"2016-02-10T12:20:45","guid":{"rendered":"http:\/\/www.asc.wdtest.info\/fr\/?page_id=1659"},"modified":"2022-04-08T15:48:05","modified_gmt":"2022-04-08T19:48:05","slug":"la-communaute-des-chretiens-un-mouvement-pour-le-renouveau-religieux","status":"publish","type":"page","link":"https:\/\/anthroposophy.ca\/fr\/initiatives\/la-communaute-des-chretiens-un-mouvement-pour-le-renouveau-religieux\/","title":{"rendered":"LA COMMUNAUT\u00c9 DES CHR\u00c9TIENS"},"content":{"rendered":"\t\t<div data-elementor-type=\"wp-page\" data-elementor-id=\"1659\" class=\"elementor elementor-1659 elementor-976\">\n\t\t\t\t\t\t<section class=\"elementor-section elementor-top-section elementor-element elementor-element-5253a3c3 elementor-section-boxed elementor-section-height-default elementor-section-height-default parallax_section_no qode_elementor_container_no\" data-id=\"5253a3c3\" data-element_type=\"section\" data-e-type=\"section\">\n\t\t\t\t\t\t<div class=\"elementor-container elementor-column-gap-default\">\n\t\t\t\t\t<div class=\"elementor-column elementor-col-100 elementor-top-column elementor-element elementor-element-3988747d\" data-id=\"3988747d\" data-element_type=\"column\" data-e-type=\"column\">\n\t\t\t<div class=\"elementor-widget-wrap elementor-element-populated\">\n\t\t\t\t\t\t<div class=\"elementor-element elementor-element-75478f4a elementor-widget elementor-widget-text-editor\" data-id=\"75478f4a\" data-element_type=\"widget\" data-e-type=\"widget\" data-widget_type=\"text-editor.default\">\n\t\t\t\t<div class=\"elementor-widget-container\">\n\t\t\t\t\t\t\t\t\t<div id=\"attachment_9194\" style=\"width: 650px\" class=\"wp-caption aligncenter\"><a href=\"https:\/\/anthroposophy.ca\/wp-content\/uploads\/2015\/11\/Christian2RC.jpg\" rel=\"attachment wp-att-1090\"><img fetchpriority=\"high\" decoding=\"async\" aria-describedby=\"caption-attachment-9194\" class=\"wp-image-9194 size-large\" src=\"https:\/\/anthroposophy.ca\/wp-content\/uploads\/2015\/11\/Christian2RC-1024x683.jpg\" alt=\"Christian2RC\" width=\"640\" height=\"427\" srcset=\"https:\/\/anthroposophy.ca\/wp-content\/uploads\/2015\/11\/Christian2RC-1024x683.jpg 1024w, https:\/\/anthroposophy.ca\/wp-content\/uploads\/2015\/11\/Christian2RC-300x200.jpg 300w, https:\/\/anthroposophy.ca\/wp-content\/uploads\/2015\/11\/Christian2RC-768x512.jpg 768w, https:\/\/anthroposophy.ca\/wp-content\/uploads\/2015\/11\/Christian2RC-140x94.jpg 140w, https:\/\/anthroposophy.ca\/wp-content\/uploads\/2015\/11\/Christian2RC.jpg 1800w\" sizes=\"(max-width: 640px) 100vw, 640px\" \/><\/a><p id=\"caption-attachment-9194\" class=\"wp-caption-text\">Photo credits: Richard Chomko<\/p><\/div>\r\n<p style=\"text-align: left;\">La Communaut\u00e9 des chr\u00e9tiens est un mouvement mondial dont la finalit\u00e9 est d\u2019ouvrir le chemin vers la pr\u00e9sence vivante et gu\u00e9rissante du Christ \u00e0 l&rsquo;\u00e8re de l&rsquo;individu \u00e9veill\u00e9 et libre appel\u00e9 nomm\u00e9ment l\u2019\u00e8re de l\u2019\u00e2me de conscience. \r\n\r\nCette pr\u00e9sence th\u00e9rapeutique du Christ est transmise par les sept sacrements qui furent renouvel\u00e9s gr\u00e2ce \u00e0 la r\u00e9ponse donn\u00e9e par Rudolf Steiner \u00e0 des pasteurs d\u00e9sireux de ranimer la foi d\u00e9clinante des religions. La d\u00e9votion et les paroles r\u00e9fl\u00e9chies du c\u00e9l\u00e9brant associ\u00e9es \u00e0 la sinc\u00e9rit\u00e9 du c\u0153ur des fid\u00e8les qui assistent au culte, forment le vaisseau o\u00f9 la gr\u00e2ce de Dieu est appel\u00e9e \u00e0 se poser.\r\n\r\nLe but de la Communaut\u00e9 est d\u2019instituer des congr\u00e9gations saines et durables capables de se hisser jusqu\u2019\u00e0 la reconnaissance du Christ vivant et pr\u00e9sent dans toute la cr\u00e9ation. Les sacrements sont l\u00e0 pour offrir un corps sensible \u00e0 la rencontre avec le Christ qui attend que nous nous joignons \u00e0 Lui pour m\u00e9tamorphoser en toute conscience la Terre et l\u2019humanit\u00e9 par l\u2019intensit\u00e9 de notre vie int\u00e9rieure. Nos pens\u00e9es, nos sentiments et notre volont\u00e9 doivent \u00eatre revivifi\u00e9s afin de former le r\u00e9ceptacle digne d\u2019accueillir la parole vivifiante du Christ en chacun de nous. L\u2019\u00e9poque actuelle marqu\u00e9e par des facteurs anxiog\u00e8nes multiples &#8211; dont la course fr\u00e9n\u00e9tique vers le succ\u00e8s est savamment entretenue par un mat\u00e9rialisme outrancier &#8211; a besoin d\u2019un endroit o\u00f9 reposer sa t\u00eate, son c\u0153ur et son esprit afin de trouver la paix. La Communaut\u00e9 des Chr\u00e9tiens veut incarner ce refuge salutaire et n\u00e9cessaire pour retrouver le courage quotidien de marcher avec le Christ tout en nous accomplissant socialement. Les enseignements, les sacrements et les conseils spirituels prodigu\u00e9s par la Communaut\u00e9 des Chr\u00e9tiens renforcent le c\u0153ur humain et lui redonne la force de reconna\u00eetre la puissance de gu\u00e9rison du Christ dans nos vies, dans les d\u00e9fis \u00e0 relever et dans l\u2019affrontement incontournable avec les puissantes forces du mal omnipr\u00e9sentes aujourd\u2019hui.  C\u2019est ainsi que chaque c\u0153ur humain peut devenir la coupe invisible capable d\u2019agir telle une \u00abhom\u00e9opathisation\u00bb des forces adverses qui nous oppressent.\r\n\r\nChaque congr\u00e9gation de la Communaut\u00e9 des chr\u00e9tiens est ind\u00e9pendante et tributaire des seuls dons et engagements pris par les membres. Il existe dans le monde environ 350 congr\u00e9gations ind\u00e9pendantes dont 14 sont situ\u00e9es en Am\u00e9rique du Nord. Le service \u00e0 la Communaut\u00e9 s\u2019articule autour des congr\u00e9gations qui d\u00e9l\u00e8guent des c\u00e9l\u00e9brants \u00e0 celles qui leur sont affili\u00e9es mais qui ne poss\u00e8dent pas de structure officielle. Au Canada, il existe des congr\u00e9gations de la Communaut\u00e9 des chr\u00e9tiens \u00e0 Toronto et \u00e0 Vancouver.\r\n\t\t\t\t\t\t\t\t<\/div>\n\t\t\t\t<\/div>\n\t\t\t\t<div class=\"elementor-element elementor-element-3193384 elementor-widget elementor-widget-spacer\" data-id=\"3193384\" data-element_type=\"widget\" data-e-type=\"widget\" data-widget_type=\"spacer.default\">\n\t\t\t\t<div class=\"elementor-widget-container\">\n\t\t\t\t\t\t\t<div class=\"elementor-spacer\">\n\t\t\t<div class=\"elementor-spacer-inner\"><\/div>\n\t\t<\/div>\n\t\t\t\t\t\t<\/div>\n\t\t\t\t<\/div>\n\t\t\t\t\t<\/div>\n\t\t<\/div>\n\t\t\t\t\t<\/div>\n\t\t<\/section>\n\t\t\t\t<\/div>\n\t\t","protected":false},"excerpt":{"rendered":"<p>La Communaut\u00e9 des chr\u00e9tiens est un mouvement mondial dont la finalit\u00e9 est d\u2019ouvrir le chemin vers la pr\u00e9sence vivante et gu\u00e9rissante du Christ \u00e0 l&rsquo;\u00e8re de l&rsquo;individu \u00e9veill\u00e9 et libre appel\u00e9 nomm\u00e9ment l\u2019\u00e8re de l\u2019\u00e2me de conscience. Cette pr\u00e9sence th\u00e9rapeutique du Christ est transmise par&#8230;<\/p>\n","protected":false},"author":6,"featured_media":0,"parent":938,"menu_order":0,"comment_status":"closed","ping_status":"closed","template":"","meta":{"inline_featured_image":false,"footnotes":""},"class_list":["post-1659","page","type-page","status-publish","hentry"],"_links":{"self":[{"href":"https:\/\/anthroposophy.ca\/fr\/wp-json\/wp\/v2\/pages\/1659","targetHints":{"allow":["GET"]}}],"collection":[{"href":"https:\/\/anthroposophy.ca\/fr\/wp-json\/wp\/v2\/pages"}],"about":[{"href":"https:\/\/anthroposophy.ca\/fr\/wp-json\/wp\/v2\/types\/page"}],"author":[{"embeddable":true,"href":"https:\/\/anthroposophy.ca\/fr\/wp-json\/wp\/v2\/users\/6"}],"replies":[{"embeddable":true,"href":"https:\/\/anthroposophy.ca\/fr\/wp-json\/wp\/v2\/comments?post=1659"}],"version-history":[{"count":4,"href":"https:\/\/anthroposophy.ca\/fr\/wp-json\/wp\/v2\/pages\/1659\/revisions"}],"predecessor-version":[{"id":10541,"href":"https:\/\/anthroposophy.ca\/fr\/wp-json\/wp\/v2\/pages\/1659\/revisions\/10541"}],"up":[{"embeddable":true,"href":"https:\/\/anthroposophy.ca\/fr\/wp-json\/wp\/v2\/pages\/938"}],"wp:attachment":[{"href":"https:\/\/anthroposophy.ca\/fr\/wp-json\/wp\/v2\/media?parent=1659"}],"curies":[{"name":"wp","href":"https:\/\/api.w.org\/{rel}","templated":true}]}}

LA COMMUNAUTÉ DES CHRÉTIENS

<div data-elementor-type="wp-page" data-elementor-id="1659" class="elementor elementor-1659 elementor-976">
						<section class="elementor-section elementor-top-section elementor-element elementor-element-5253a3c3 elementor-section-boxed elementor-section-height-default elementor-section-height-default parallax_section_no qode_elementor_container_no" data-id="5253a3c3" data-element_type="section" data-e-type="section">
						<div class="elementor-container elementor-column-gap-default">
					<div class="elementor-column elementor-col-100 elementor-top-column elementor-element elementor-element-3988747d" data-id="3988747d" data-element_type="column" data-e-type="column">
			<div class="elementor-widget-wrap elementor-element-populated">
						<div class="elementor-element elementor-element-75478f4a elementor-widget elementor-widget-text-editor" data-id="75478f4a" data-element_type="widget" data-e-type="widget" data-widget_type="text-editor.default">
				<div class="elementor-widget-container">
									<div id="attachment_9194" style="width: 650px" class="wp-caption aligncenter"><a href="https://anthroposophy.ca/wp-content/uploads/2015/11/Christian2RC.jpg" rel="attachment wp-att-1090"><img fetchpriority="high" decoding="async" aria-describedby="caption-attachment-9194" class="wp-image-9194 size-large" src="https://anthroposophy.ca/wp-content/uploads/2015/11/Christian2RC-1024x683.jpg" alt="Christian2RC" width="640" height="427" srcset="https://anthroposophy.ca/wp-content/uploads/2015/11/Christian2RC-1024x683.jpg 1024w, https://anthroposophy.ca/wp-content/uploads/2015/11/Christian2RC-300x200.jpg 300w, https://anthroposophy.ca/wp-content/uploads/2015/11/Christian2RC-768x512.jpg 768w, https://anthroposophy.ca/wp-content/uploads/2015/11/Christian2RC-140x94.jpg 140w, https://anthroposophy.ca/wp-content/uploads/2015/11/Christian2RC.jpg 1800w" sizes="(max-width: 640px) 100vw, 640px" /></a><p id="caption-attachment-9194" class="wp-caption-text">Photo credits: Richard Chomko</p></div>
<p style="text-align: left;">La Communauté des chrétiens est un mouvement mondial dont la finalité est d’ouvrir le chemin vers la présence vivante et guérissante du Christ à l&rsquo;ère de l&rsquo;individu éveillé et libre appelé nommément l’ère de l’âme de conscience. 

Cette présence thérapeutique du Christ est transmise par les sept sacrements qui furent renouvelés grâce à la réponse donnée par Rudolf Steiner à des pasteurs désireux de ranimer la foi déclinante des religions. La dévotion et les paroles réfléchies du célébrant associées à la sincérité du cœur des fidèles qui assistent au culte, forment le vaisseau où la grâce de Dieu est appelée à se poser.

Le but de la Communauté est d’instituer des congrégations saines et durables capables de se hisser jusqu’à la reconnaissance du Christ vivant et présent dans toute la création. Les sacrements sont là pour offrir un corps sensible à la rencontre avec le Christ qui attend que nous nous joignons à Lui pour métamorphoser en toute conscience la Terre et l’humanité par l’intensité de notre vie intérieure. Nos pensées, nos sentiments et notre volonté doivent être revivifiés afin de former le réceptacle digne d’accueillir la parole vivifiante du Christ en chacun de nous. L’époque actuelle marquée par des facteurs anxiogènes multiples &#8211; dont la course frénétique vers le succès est savamment entretenue par un matérialisme outrancier &#8211; a besoin d’un endroit où reposer sa tête, son cœur et son esprit afin de trouver la paix. La Communauté des Chrétiens veut incarner ce refuge salutaire et nécessaire pour retrouver le courage quotidien de marcher avec le Christ tout en nous accomplissant socialement. Les enseignements, les sacrements et les conseils spirituels prodigués par la Communauté des Chrétiens renforcent le cœur humain et lui redonne la force de reconnaître la puissance de guérison du Christ dans nos vies, dans les défis à relever et dans l’affrontement incontournable avec les puissantes forces du mal omniprésentes aujourd’hui.  C’est ainsi que chaque cœur humain peut devenir la coupe invisible capable d’agir telle une «homéopathisation» des forces adverses qui nous oppressent.

Chaque congrégation de la Communauté des chrétiens est indépendante et tributaire des seuls dons et engagements pris par les membres. Il existe dans le monde environ 350 congrégations indépendantes dont 14 sont situées en Amérique du Nord. Le service à la Communauté s’articule autour des congrégations qui délèguent des célébrants à celles qui leur sont affiliées mais qui ne possèdent pas de structure officielle. Au Canada, il existe des congrégations de la Communauté des chrétiens à Toronto et à Vancouver.
								</div>
				</div>
				<div class="elementor-element elementor-element-3193384 elementor-widget elementor-widget-spacer" data-id="3193384" data-element_type="widget" data-e-type="widget" data-widget_type="spacer.default">
				<div class="elementor-widget-container">
							<div class="elementor-spacer">
			<div class="elementor-spacer-inner"></div>
		</div>
						</div>
				</div>
					</div>
		</div>
					</div>
		</section>
				</div>

<p>La Communauté des chrétiens est un mouvement mondial dont la finalité est d’ouvrir le chemin vers la présence vivante et guérissante du Christ à l&rsquo;ère de l&rsquo;individu éveillé et libre appelé nommément l’ère de l’âme de conscience. Cette présence thérapeutique du Christ est transmise par&#8230;</p>
