{"id":13192,"date":"2024-12-09T19:02:28","date_gmt":"2024-12-10T00:02:28","guid":{"rendered":"https:\/\/anthroposophy.ca\/event\/formation-deducateur-waldorf-pour-la-petite-enfance\/"},"modified":"2024-12-09T19:14:52","modified_gmt":"2024-12-10T00:14:52","slug":"formation-deducateur-waldorf-pour-la-petite-enfance","status":"publish","type":"tribe_events","link":"https:\/\/anthroposophy.ca\/fr\/event\/formation-deducateur-waldorf-pour-la-petite-enfance\/","title":{"rendered":"Formation d&rsquo;\u00e9ducateur Waldorf pour la petite enfance"},"content":{"rendered":"<h2>Deux ans \u00e0 temps partiel<\/h2>\n<p><strong>La nouvelle cohorte commence \u00e0 l&rsquo;\u00e9t\u00e9 2025<\/strong><\/p>\n<p><em>sur l&rsquo;\u00eele de Vancouver, en Colombie-Britannique<\/em><\/p>\n<p>Il s&rsquo;agit d&rsquo;un programme \u00e0 temps partiel de cinq semaines par an sur deux ans, comprenant trois semaines en juillet et une semaine en novembre et f\u00e9vrier chaque ann\u00e9e successive.<\/p>\n<p>Les sessions d\u2019\u00e9t\u00e9 ont lieu \u00e0 Duncan, sur l\u2019\u00eele de Vancouver ; les sessions d\u2019automne et de printemps ont lieu \u00e0 North Vancouver, en Colombie-Britannique.<\/p>\n<p>Pour plus d\u2019informations et pour postuler, veuillez consulter <a href=\"https:\/\/westcoastinstitute.org\/\" target=\"_blank\" rel=\"noopener\">notre site web<\/a>; si vous avez des questions, veuillez contacter Ruth Ker <a href=\"mailto:ece@westcoastinstitute.org\">ece@westcoastinstitute.org<\/a>, ou Debbie Laurin <a href=\"mailto:debbielaurin@westcoastinstitute.org\">debbielaurin@westcoastinstitute.org<\/a>.<\/p>\n<p><em>Veuillez consulter notre site web pour plus de d\u00e9tails sur les conditions requises pour enseigner en Colombie-Britannique.<\/em><\/p>\n","protected":false},"excerpt":{"rendered":"<p>Deux ans \u00e0 temps partiel La nouvelle cohorte commence \u00e0 l&rsquo;\u00e9t\u00e9 2025 sur l&rsquo;\u00eele de Vancouver, en Colombie-Britannique Il s&rsquo;agit d&rsquo;un programme \u00e0 temps partiel de cinq semaines par an sur deux ans, comprenant trois semaines en juillet et une semaine en novembre et f\u00e9vrier&#8230;<\/p>\n","protected":false},"author":12,"featured_media":13190,"template":"","meta":{"inline_featured_image":false,"_tribe_events_status":"","_tribe_events_status_reason":"","footnotes":""},"tags":[],"tribe_events_cat":[59,61,60,23,58,57],"class_list":["post-13192","tribe_events","type-tribe_events","status-publish","has-post-thumbnail","hentry","tribe_events_cat-amerique-du-nord","tribe_events_cat-centre-du-canada","tribe_events_cat-lest-du-canada","tribe_events_cat-national-fr","tribe_events_cat-ouest-du-canada","tribe_events_cat-vancouver-fr","cat_amerique-du-nord","cat_centre-du-canada","cat_lest-du-canada","cat_national-fr","cat_ouest-du-canada","cat_vancouver-fr"],"_links":{"self":[{"href":"https:\/\/anthroposophy.ca\/fr\/wp-json\/wp\/v2\/tribe_events\/13192","targetHints":{"allow":["GET"]}}],"collection":[{"href":"https:\/\/anthroposophy.ca\/fr\/wp-json\/wp\/v2\/tribe_events"}],"about":[{"href":"https:\/\/anthroposophy.ca\/fr\/wp-json\/wp\/v2\/types\/tribe_events"}],"author":[{"embeddable":true,"href":"https:\/\/anthroposophy.ca\/fr\/wp-json\/wp\/v2\/users\/12"}],"version-history":[{"count":3,"href":"https:\/\/anthroposophy.ca\/fr\/wp-json\/wp\/v2\/tribe_events\/13192\/revisions"}],"predecessor-version":[{"id":13197,"href":"https:\/\/anthroposophy.ca\/fr\/wp-json\/wp\/v2\/tribe_events\/13192\/revisions\/13197"}],"wp:featuredmedia":[{"embeddable":true,"href":"https:\/\/anthroposophy.ca\/fr\/wp-json\/wp\/v2\/media\/13190"}],"wp:attachment":[{"href":"https:\/\/anthroposophy.ca\/fr\/wp-json\/wp\/v2\/media?parent=13192"}],"wp:term":[{"taxonomy":"post_tag","embeddable":true,"href":"https:\/\/anthroposophy.ca\/fr\/wp-json\/wp\/v2\/tags?post=13192"},{"taxonomy":"tribe_events_cat","embeddable":true,"href":"https:\/\/anthroposophy.ca\/fr\/wp-json\/wp\/v2\/tribe_events_cat?post=13192"}],"curies":[{"name":"wp","href":"https:\/\/api.w.org\/{rel}","templated":true}]}}

Formation d&rsquo;éducateur Waldorf pour la petite enfance

<h2>Deux ans à temps partiel</h2>
<p><strong>La nouvelle cohorte commence à l&rsquo;été 2025</strong></p>
<p><em>sur l&rsquo;île de Vancouver, en Colombie-Britannique</em></p>
<p>Il s&rsquo;agit d&rsquo;un programme à temps partiel de cinq semaines par an sur deux ans, comprenant trois semaines en juillet et une semaine en novembre et février chaque année successive.</p>
<p>Les sessions d’été ont lieu à Duncan, sur l’île de Vancouver ; les sessions d’automne et de printemps ont lieu à North Vancouver, en Colombie-Britannique.</p>
<p>Pour plus d’informations et pour postuler, veuillez consulter <a href="https://westcoastinstitute.org/" target="_blank" rel="noopener">notre site web</a>; si vous avez des questions, veuillez contacter Ruth Ker <a href="mailto:ece@westcoastinstitute.org">ece@westcoastinstitute.org</a>, ou Debbie Laurin <a href="mailto:debbielaurin@westcoastinstitute.org">debbielaurin@westcoastinstitute.org</a>.</p>
<p><em>Veuillez consulter notre site web pour plus de détails sur les conditions requises pour enseigner en Colombie-Britannique.</em></p>

<p>Deux ans à temps partiel La nouvelle cohorte commence à l&rsquo;été 2025 sur l&rsquo;île de Vancouver, en Colombie-Britannique Il s&rsquo;agit d&rsquo;un programme à temps partiel de cinq semaines par an sur deux ans, comprenant trois semaines en juillet et une semaine en novembre et février&#8230;</p>
